{"id":131,"date":"2014-05-27T07:20:08","date_gmt":"2014-05-27T06:20:08","guid":{"rendered":"http:\/\/www.commune-athies.fr\/?page_id=131"},"modified":"2015-01-30T12:14:03","modified_gmt":"2015-01-30T11:14:03","slug":"le-village-en-images","status":"publish","type":"page","link":"https:\/\/www.commune-athies.fr\/?page_id=131","title":{"rendered":"Le village en images"},"content":{"rendered":"<p><a href=\"http:\/\/www.commune-athies.fr\/wp-content\/uploads\/fr\u00e9d\u00e9ric-froissart-mai-2014-2.jpg\"><img loading=\"lazy\" decoding=\"async\" class=\"alignnone size-medium wp-image-507\" src=\"http:\/\/www.commune-athies.fr\/wp-content\/uploads\/fr\u00e9d\u00e9ric-froissart-mai-2014-2-300x200.jpg\" alt=\"fr\u00e9d\u00e9ric froissart mai 2014 (2)\" width=\"300\" height=\"200\" srcset=\"https:\/\/www.commune-athies.fr\/wp-content\/uploads\/fr\u00e9d\u00e9ric-froissart-mai-2014-2-300x200.jpg 300w, https:\/\/www.commune-athies.fr\/wp-content\/uploads\/fr\u00e9d\u00e9ric-froissart-mai-2014-2-1024x682.jpg 1024w, https:\/\/www.commune-athies.fr\/wp-content\/uploads\/fr\u00e9d\u00e9ric-froissart-mai-2014-2.jpg 1280w\" sizes=\"auto, (max-width: 300px) 100vw, 300px\" \/><\/a><a href=\"http:\/\/www.commune-athies.fr\/wp-content\/uploads\/fr\u00e9d\u00e9ric-froissart-05-2014-1.jpg\"><img loading=\"lazy\" decoding=\"async\" class=\"alignnone size-medium wp-image-505\" src=\"http:\/\/www.commune-athies.fr\/wp-content\/uploads\/fr\u00e9d\u00e9ric-froissart-05-2014-1-300x168.jpg\" alt=\"SONY DSC\" width=\"300\" height=\"168\" srcset=\"https:\/\/www.commune-athies.fr\/wp-content\/uploads\/fr\u00e9d\u00e9ric-froissart-05-2014-1-300x168.jpg 300w, https:\/\/www.commune-athies.fr\/wp-content\/uploads\/fr\u00e9d\u00e9ric-froissart-05-2014-1-1024x574.jpg 1024w, https:\/\/www.commune-athies.fr\/wp-content\/uploads\/fr\u00e9d\u00e9ric-froissart-05-2014-1.jpg 1280w\" sizes=\"auto, (max-width: 300px) 100vw, 300px\" \/><\/a><a href=\"http:\/\/www.commune-athies.fr\/wp-content\/uploads\/fr\u00e9d\u00e9ric-froissart-05-2014-2-e1422616001859.jpg\"><img loading=\"lazy\" decoding=\"async\" class=\"alignnone size-medium wp-image-503\" src=\"http:\/\/www.commune-athies.fr\/wp-content\/uploads\/fr\u00e9d\u00e9ric-froissart-05-2014-2-e1422616001859-168x300.jpg\" alt=\"SONY DSC\" width=\"168\" height=\"300\" srcset=\"https:\/\/www.commune-athies.fr\/wp-content\/uploads\/fr\u00e9d\u00e9ric-froissart-05-2014-2-e1422616001859-168x300.jpg 168w, https:\/\/www.commune-athies.fr\/wp-content\/uploads\/fr\u00e9d\u00e9ric-froissart-05-2014-2-e1422616001859-574x1024.jpg 574w, https:\/\/www.commune-athies.fr\/wp-content\/uploads\/fr\u00e9d\u00e9ric-froissart-05-2014-2-e1422616001859.jpg 718w\" sizes=\"auto, (max-width: 168px) 100vw, 168px\" \/><\/a><\/p>\n<div id='gallery-1' class='gallery galleryid-131 gallery-columns-3 gallery-size-thumbnail'><dl class='gallery-item'>\n\t\t\t<dt class='gallery-icon portrait'>\n\t\t\t\t<a href='https:\/\/www.commune-athies.fr\/?attachment_id=79'><img loading=\"lazy\" decoding=\"async\" width=\"150\" height=\"150\" src=\"https:\/\/www.commune-athies.fr\/wp-content\/uploads\/DSCN05681-150x150.jpg\" class=\"attachment-thumbnail size-thumbnail\" alt=\"\" \/><\/a>\n\t\t\t<\/dt><\/dl><dl class='gallery-item'>\n\t\t\t<dt class='gallery-icon landscape'>\n\t\t\t\t<a href='https:\/\/www.commune-athies.fr\/?attachment_id=95'><img loading=\"lazy\" decoding=\"async\" width=\"150\" height=\"150\" src=\"https:\/\/www.commune-athies.fr\/wp-content\/uploads\/fr\u00e9d\u00e9ric-froissart-mai-2014-31-150x150.jpg\" class=\"attachment-thumbnail size-thumbnail\" alt=\"\" \/><\/a>\n\t\t\t<\/dt><\/dl><dl class='gallery-item'>\n\t\t\t<dt class='gallery-icon landscape'>\n\t\t\t\t<a href='https:\/\/www.commune-athies.fr\/?attachment_id=59'><img loading=\"lazy\" decoding=\"async\" width=\"150\" height=\"150\" src=\"https:\/\/www.commune-athies.fr\/wp-content\/uploads\/fr\u00e9d\u00e9ric-froissart-mai-2014-13-150x150.jpg\" class=\"attachment-thumbnail size-thumbnail\" alt=\"\" \/><\/a>\n\t\t\t<\/dt><\/dl><br style=\"clear: both\" \/><dl class='gallery-item'>\n\t\t\t<dt class='gallery-icon landscape'>\n\t\t\t\t<a href='https:\/\/www.commune-athies.fr\/?attachment_id=58'><img loading=\"lazy\" decoding=\"async\" width=\"150\" height=\"150\" src=\"https:\/\/www.commune-athies.fr\/wp-content\/uploads\/fr\u00e9d\u00e9ric-froissart-mai-2014-8-150x150.jpg\" class=\"attachment-thumbnail size-thumbnail\" alt=\"\" \/><\/a>\n\t\t\t<\/dt><\/dl><dl class='gallery-item'>\n\t\t\t<dt class='gallery-icon landscape'>\n\t\t\t\t<a href='https:\/\/www.commune-athies.fr\/?attachment_id=41'><img loading=\"lazy\" decoding=\"async\" width=\"150\" height=\"150\" src=\"https:\/\/www.commune-athies.fr\/wp-content\/uploads\/IMG_1564-150x150.jpg\" class=\"attachment-thumbnail size-thumbnail\" alt=\"\" \/><\/a>\n\t\t\t<\/dt><\/dl><dl class='gallery-item'>\n\t\t\t<dt class='gallery-icon landscape'>\n\t\t\t\t<a href='https:\/\/www.commune-athies.fr\/?attachment_id=14'><img loading=\"lazy\" decoding=\"async\" width=\"150\" height=\"150\" src=\"https:\/\/www.commune-athies.fr\/wp-content\/uploads\/mairie-photo-ancienne-150x150.jpg\" class=\"attachment-thumbnail size-thumbnail\" alt=\"\" \/><\/a>\n\t\t\t<\/dt><\/dl><br style=\"clear: both\" \/><dl class='gallery-item'>\n\t\t\t<dt class='gallery-icon portrait'>\n\t\t\t\t<a href='https:\/\/www.commune-athies.fr\/?attachment_id=8'><img loading=\"lazy\" decoding=\"async\" width=\"75\" height=\"100\" src=\"https:\/\/www.commune-athies.fr\/wp-content\/uploads\/eglise.jpg\" class=\"attachment-thumbnail size-thumbnail\" alt=\"\" \/><\/a>\n\t\t\t<\/dt><\/dl><dl class='gallery-item'>\n\t\t\t<dt class='gallery-icon landscape'>\n\t\t\t\t<a href='https:\/\/www.commune-athies.fr\/?attachment_id=23'><img loading=\"lazy\" decoding=\"async\" width=\"150\" height=\"60\" src=\"https:\/\/www.commune-athies.fr\/wp-content\/uploads\/panneau-athies-80-150x60.png\" class=\"attachment-thumbnail size-thumbnail\" alt=\"\" \/><\/a>\n\t\t\t<\/dt><\/dl><dl class='gallery-item'>\n\t\t\t<dt class='gallery-icon landscape'>\n\t\t\t\t<a href='https:\/\/www.commune-athies.fr\/?attachment_id=60'><img loading=\"lazy\" decoding=\"async\" width=\"150\" height=\"150\" src=\"https:\/\/www.commune-athies.fr\/wp-content\/uploads\/fr\u00e9d\u00e9ric-froissart-mai-2014-44-150x150.jpg\" class=\"attachment-thumbnail size-thumbnail\" alt=\"\" \/><\/a>\n\t\t\t<\/dt><\/dl><br style=\"clear: both\" \/><dl class='gallery-item'>\n\t\t\t<dt class='gallery-icon portrait'>\n\t\t\t\t<a href='https:\/\/www.commune-athies.fr\/?attachment_id=61'><img loading=\"lazy\" decoding=\"async\" width=\"150\" height=\"150\" src=\"https:\/\/www.commune-athies.fr\/wp-content\/uploads\/fr\u00e9d\u00e9ric-froissart-mai-2014-79-e1401112687495-150x150.jpg\" class=\"attachment-thumbnail size-thumbnail\" alt=\"\" \/><\/a>\n\t\t\t<\/dt><\/dl>\n\t\t\t<br style='clear: both' \/>\n\t\t<\/div>\n\n<p>&nbsp;<\/p>\n<p>&nbsp;<\/p>\n<p>Pour plus de photos et d&rsquo;infos, nous vous invitons \u00e0 consulter la page facebook \u00ab\u00a0Athies 80200 Hier et Aujourd&rsquo;hui\u00a0\u00bb cr\u00e9\u00e9e par Francis Ribaux et \u00e0 commenter ses photos sur la commune.<\/p>\n<p><span style=\"color: #222222; font-family: arial, sans-serif; font-size: 13px; line-height: normal;\">\u00a0<\/span><\/p>\n","protected":false},"excerpt":{"rendered":"<p>&nbsp; &nbsp; Pour plus de photos et d&rsquo;infos, nous vous invitons \u00e0 consulter la page facebook \u00ab\u00a0Athies 80200 Hier et Aujourd&rsquo;hui\u00a0\u00bb cr\u00e9\u00e9e par Francis Ribaux et \u00e0 commenter ses photos sur la commune. \u00a0<\/p>\n","protected":false},"author":3,"featured_media":0,"parent":0,"menu_order":0,"comment_status":"closed","ping_status":"closed","template":"","meta":{"footnotes":""},"class_list":["post-131","page","type-page","status-publish","hentry"],"_links":{"self":[{"href":"https:\/\/www.commune-athies.fr\/index.php?rest_route=\/wp\/v2\/pages\/131","targetHints":{"allow":["GET"]}}],"collection":[{"href":"https:\/\/www.commune-athies.fr\/index.php?rest_route=\/wp\/v2\/pages"}],"about":[{"href":"https:\/\/www.commune-athies.fr\/index.php?rest_route=\/wp\/v2\/types\/page"}],"author":[{"embeddable":true,"href":"https:\/\/www.commune-athies.fr\/index.php?rest_route=\/wp\/v2\/users\/3"}],"replies":[{"embeddable":true,"href":"https:\/\/www.commune-athies.fr\/index.php?rest_route=%2Fwp%2Fv2%2Fcomments&post=131"}],"version-history":[{"count":16,"href":"https:\/\/www.commune-athies.fr\/index.php?rest_route=\/wp\/v2\/pages\/131\/revisions"}],"predecessor-version":[{"id":509,"href":"https:\/\/www.commune-athies.fr\/index.php?rest_route=\/wp\/v2\/pages\/131\/revisions\/509"}],"wp:attachment":[{"href":"https:\/\/www.commune-athies.fr\/index.php?rest_route=%2Fwp%2Fv2%2Fmedia&parent=131"}],"curies":[{"name":"wp","href":"https:\/\/api.w.org\/{rel}","templated":true}]}}