{"id":105,"date":"2014-05-26T19:27:38","date_gmt":"2014-05-26T18:27:38","guid":{"rendered":"http:\/\/www.commune-athies.fr\/?page_id=105"},"modified":"2014-10-20T19:24:08","modified_gmt":"2014-10-20T18:24:08","slug":"conseil-municipal","status":"publish","type":"page","link":"https:\/\/www.commune-athies.fr\/?page_id=105","title":{"rendered":"Le conseil"},"content":{"rendered":"<p>Le conseil municipal est \u00e0 votre \u00e9coute, vous pouvez nous joindre par mail \u00e0 l&rsquo;adresse suivante :\u00a0communeathies@gmail.com<\/p>\n<p>Les r\u00e9unions du conseil municipal ont lieu le 2\u00e8me mardi de chaque mois \u00e0 18h30 \u00e0 la mairie. Ces r\u00e9unions sont publiques mais les personnes ext\u00e9rieures au conseil ne peuvent prendre la parole que sur autorisation du maire.<\/p>\n<p>&nbsp;<\/p>\n","protected":false},"excerpt":{"rendered":"<p>Le conseil municipal est \u00e0 votre \u00e9coute, vous pouvez nous joindre par mail \u00e0 l&rsquo;adresse suivante :\u00a0communeathies@gmail.com Les r\u00e9unions du conseil municipal ont lieu le 2\u00e8me mardi de chaque mois \u00e0 18h30 \u00e0 la mairie. Ces r\u00e9unions sont publiques mais &hellip; <a href=\"https:\/\/www.commune-athies.fr\/?page_id=105\">Continuer la lecture <span class=\"meta-nav\">&rarr;<\/span><\/a><\/p>\n","protected":false},"author":2,"featured_media":0,"parent":0,"menu_order":0,"comment_status":"closed","ping_status":"closed","template":"","meta":{"footnotes":""},"class_list":["post-105","page","type-page","status-publish","hentry"],"_links":{"self":[{"href":"https:\/\/www.commune-athies.fr\/index.php?rest_route=\/wp\/v2\/pages\/105","targetHints":{"allow":["GET"]}}],"collection":[{"href":"https:\/\/www.commune-athies.fr\/index.php?rest_route=\/wp\/v2\/pages"}],"about":[{"href":"https:\/\/www.commune-athies.fr\/index.php?rest_route=\/wp\/v2\/types\/page"}],"author":[{"embeddable":true,"href":"https:\/\/www.commune-athies.fr\/index.php?rest_route=\/wp\/v2\/users\/2"}],"replies":[{"embeddable":true,"href":"https:\/\/www.commune-athies.fr\/index.php?rest_route=%2Fwp%2Fv2%2Fcomments&post=105"}],"version-history":[{"count":8,"href":"https:\/\/www.commune-athies.fr\/index.php?rest_route=\/wp\/v2\/pages\/105\/revisions"}],"predecessor-version":[{"id":349,"href":"https:\/\/www.commune-athies.fr\/index.php?rest_route=\/wp\/v2\/pages\/105\/revisions\/349"}],"wp:attachment":[{"href":"https:\/\/www.commune-athies.fr\/index.php?rest_route=%2Fwp%2Fv2%2Fmedia&parent=105"}],"curies":[{"name":"wp","href":"https:\/\/api.w.org\/{rel}","templated":true}]}}